{"id":754,"date":"2022-02-06T16:38:54","date_gmt":"2022-02-06T16:38:54","guid":{"rendered":"https:\/\/www.levia-paris.fr\/?product=reviving-hair-serum-argan-100ml"},"modified":"2022-02-07T10:44:38","modified_gmt":"2022-02-07T10:44:38","slug":"reviving-hair-serum-argan-100ml","status":"publish","type":"product","link":"https:\/\/www.levia-paris.fr\/?product=reviving-hair-serum-argan-100ml","title":{"rendered":"Reviving Hair Serum Argan &#8211; 100ml"},"content":{"rendered":"<p>The Levia Reviving Hair Serum smooths, facilitates styling and brings shine to your hair. Hair dying or using a hair dryer can damage the hair and make it dull and without luster. Enriched with Argan oil (rich in vitamin E and antioxidants), this serum offerslong-lasting protection,increased resistance and helps to reduce breakage. Itinstantlyrepairs and smooths the hair, giving it shine, strength and softness. It is the ideal solution to ensure good health to your hair and sublimate it every day.<\/p>\n<p>INGREDIENTS : Cyclopentasiloxane, Dimethicone, Fragrance, Hydrolyzed Keratin, Aloe Barbadensis Leaf Extract, Argania Spinosa Kernel Oil, Hippophae Rhamnoides (sea Buckthorn) Oil, Macadamia Ternifolia Seed Oil, Simmondsia Chinensis (jojoba) Seed Oil, Linum Usitatissimum (linseed) Oil, Tocopheryl Acetate, Panthenol, Phenyl Trimethicone. RECOMMENTATIONS FOR USE : Instructions for use: Apply a small amount of serum to damp or dry hair. Spread well from the mid-length of the hair down, especially onto the ends. Blow dry, style and brush your hair as desired.<\/p>\n<p>VOLUME ml :100ml<\/p>\n<p>BARCODE : 3701120002024<\/p>\n<p>PAO : 24 mois<\/p>\n<p>PRODUCT WEIGHT : 280gr<\/p>\n<p>PRODUCT SIZE WITH PACKAGING :4,5 x 4,5 x 16 cm<\/p>\n<p>QTY PER CARTON : 28<\/p>\n","protected":false},"excerpt":{"rendered":"<p>Le s\u00e9rum Levia pour cheveux secs et abim\u00e9s lisse, facilite le coiffage et apporte de la brillance \u00e0 vos cheveux. Les colorations ou le s\u00e8che-cheveux peuvent endommager les cheveux et les rendre ternes et sans \u00e9clat. Enrichi en huile d\u2019argan (riche en vitamine E et anti-oxydants), ce s\u00e9rum offre une protection de longue dur\u00e9e, une r\u00e9sistance accrue et contribue \u00e0 r\u00e9duire la casse. Il r\u00e9pare et lisse instantan\u00e9ment les cheveux leur apportant brillance, force et douceur. Il est la solution id\u00e9ale pour assurer une bonne sant\u00e9 \u00e0 vos cheveux et les sublimer chaque jour.<\/p>\n","protected":false},"featured_media":882,"comment_status":"open","ping_status":"closed","template":"","meta":[],"product_cat":[126],"product_tag":[],"class_list":{"0":"post-754","1":"product","2":"type-product","3":"status-publish","4":"has-post-thumbnail","6":"product_cat-argan","8":"first","9":"instock","10":"shipping-taxable","11":"purchasable","12":"product-type-simple"},"_links":{"self":[{"href":"https:\/\/www.levia-paris.fr\/index.php?rest_route=\/wp\/v2\/product\/754","targetHints":{"allow":["GET"]}}],"collection":[{"href":"https:\/\/www.levia-paris.fr\/index.php?rest_route=\/wp\/v2\/product"}],"about":[{"href":"https:\/\/www.levia-paris.fr\/index.php?rest_route=\/wp\/v2\/types\/product"}],"replies":[{"embeddable":true,"href":"https:\/\/www.levia-paris.fr\/index.php?rest_route=%2Fwp%2Fv2%2Fcomments&post=754"}],"version-history":[{"count":0,"href":"https:\/\/www.levia-paris.fr\/index.php?rest_route=\/wp\/v2\/product\/754\/revisions"}],"wp:featuredmedia":[{"embeddable":true,"href":"https:\/\/www.levia-paris.fr\/index.php?rest_route=\/wp\/v2\/media\/882"}],"wp:attachment":[{"href":"https:\/\/www.levia-paris.fr\/index.php?rest_route=%2Fwp%2Fv2%2Fmedia&parent=754"}],"wp:term":[{"taxonomy":"product_cat","embeddable":true,"href":"https:\/\/www.levia-paris.fr\/index.php?rest_route=%2Fwp%2Fv2%2Fproduct_cat&post=754"},{"taxonomy":"product_tag","embeddable":true,"href":"https:\/\/www.levia-paris.fr\/index.php?rest_route=%2Fwp%2Fv2%2Fproduct_tag&post=754"}],"curies":[{"name":"wp","href":"https:\/\/api.w.org\/{rel}","templated":true}]}}