{"id":755,"date":"2022-02-06T16:38:54","date_gmt":"2022-02-06T16:38:54","guid":{"rendered":"https:\/\/www.levia-paris.fr\/?product=hydrating-shampoo-macadamia-500ml"},"modified":"2022-02-07T10:42:45","modified_gmt":"2022-02-07T10:42:45","slug":"hydrating-shampoo-macadamia-500ml","status":"publish","type":"product","link":"https:\/\/www.levia-paris.fr\/?product=hydrating-shampoo-macadamia-500ml","title":{"rendered":"Hydrating Shampoo Macadamia &#8211; 500ml"},"content":{"rendered":"<p>The Levia Hydrating Shampoo is infused with the precious oils of Argan nuts and Bio Macadamia. It gently cleanses your hair, while maintaining the level of hydration in the haircuticle, which improves elasticity and manageability,preventsand combats split ends.<br \/>\nRich in nutrients, Argan oil is celebrated worldwide for its strengthening and soothing properties due to polyphenols and antioxidant squalene, while Macadamia oil is rich in omega 3, 5 and 7 moisturizers and fatty acids. This winning combination provides a shampoo thatinstantlyhydrates and revitalizes dry, damaged and dyed hair. Enriched with essential elements and vitamins, this luxurious blendcoatsthe hair fiber, thereby eliminating frizz and leaving the hair soft, silky, shiny and full of volume.<\/p>\n<p>INGREDIENTS : Aqua (water), Sodium C14-16 Olefin Sulfonate, Glycerin, Cocamidopropyl Betaine, Decyl Glucoside, Ricinus Communis (castor) Seed Oil, MACADAMIA TERNIFOLIA SEED OIL, Argania Spinosa Kernel Oil, Parfum, Polyquaternium-10, Lactic Acid, Benzyl Alcohol, Peg-150 Distearate, Polyquaternium-7, Caprylyl Glycol, Sodium Hydroxide, Ethylhexylglycerin, Sodium Benzoate, Sodium Acetate, Sodium Chloride, Tocopherol.<\/p>\n<p>RECOMMENTATIONS FOR USE : Instructions for use: Wet your hair thoroughly, massage the scalp gently, lather and rinse well.<\/p>\n<p>VOLUME ml :500ml<\/p>\n<p>BARCODE : 3701120002031<\/p>\n<p>PAO : 24 mois<\/p>\n<p>PRODUCT WEIGHT : 560gr<\/p>\n<p>PRODUCT SIZE WITH PACKAGING :7 x 7 x 20 cm<\/p>\n<p>QTY PER CARTON : 12<\/p>\n","protected":false},"excerpt":{"rendered":"<p>Le shampooing revitalisant Levia \u00e0 l\u2019huile de Macadamia est infus\u00e9 avec les huiles pr\u00e9cieuses de noix d\u2019argan et de macadamia Bio. Il nettoie en douceur vos cheveux tout en maintenant le niveau d\u2019hydratation dans la cuticule du cheveu, ce qui am\u00e9liore l\u2019\u00e9lasticit\u00e9 et la maniabilit\u00e9, pr\u00e9vient et lutte contre les pointes fourchues.<br \/>\nRiches en \u00e9l\u00e9ments nutritifs l\u2019huile d\u2019Argan est v\u00e9n\u00e9r\u00e9e dans le monde entier pour ses vertus fortifiantes et apaisantes fournies par les polyph\u00e9nols et le squal\u00e8ne antioxydant, tandis que l\u2019huile de Macadamia est riche en hydratants om\u00e9ga 3, 5 et 7 et acides gras. Cette combinaison gagnante offre un shampooing qui hydrate et revitalise instantan\u00e9ment les cheveux secs, abim\u00e9s et color\u00e9s. Nourri avec des \u00e9l\u00e9ments essentiels et des vitamines, ce luxueux m\u00e9lange recouvre la fibre du cheveu en \u00e9liminant les frisottis laissant les cheveux doux, soyeux, brillants et pleins de volume.<\/p>\n","protected":false},"featured_media":881,"comment_status":"open","ping_status":"closed","template":"","meta":[],"product_cat":[127],"product_tag":[],"class_list":{"0":"post-755","1":"product","2":"type-product","3":"status-publish","4":"has-post-thumbnail","6":"product_cat-macadamia","8":"first","9":"instock","10":"shipping-taxable","11":"purchasable","12":"product-type-simple"},"_links":{"self":[{"href":"https:\/\/www.levia-paris.fr\/index.php?rest_route=\/wp\/v2\/product\/755","targetHints":{"allow":["GET"]}}],"collection":[{"href":"https:\/\/www.levia-paris.fr\/index.php?rest_route=\/wp\/v2\/product"}],"about":[{"href":"https:\/\/www.levia-paris.fr\/index.php?rest_route=\/wp\/v2\/types\/product"}],"replies":[{"embeddable":true,"href":"https:\/\/www.levia-paris.fr\/index.php?rest_route=%2Fwp%2Fv2%2Fcomments&post=755"}],"version-history":[{"count":0,"href":"https:\/\/www.levia-paris.fr\/index.php?rest_route=\/wp\/v2\/product\/755\/revisions"}],"wp:featuredmedia":[{"embeddable":true,"href":"https:\/\/www.levia-paris.fr\/index.php?rest_route=\/wp\/v2\/media\/881"}],"wp:attachment":[{"href":"https:\/\/www.levia-paris.fr\/index.php?rest_route=%2Fwp%2Fv2%2Fmedia&parent=755"}],"wp:term":[{"taxonomy":"product_cat","embeddable":true,"href":"https:\/\/www.levia-paris.fr\/index.php?rest_route=%2Fwp%2Fv2%2Fproduct_cat&post=755"},{"taxonomy":"product_tag","embeddable":true,"href":"https:\/\/www.levia-paris.fr\/index.php?rest_route=%2Fwp%2Fv2%2Fproduct_tag&post=755"}],"curies":[{"name":"wp","href":"https:\/\/api.w.org\/{rel}","templated":true}]}}