{"id":760,"date":"2022-02-06T16:38:54","date_gmt":"2022-02-06T16:38:54","guid":{"rendered":"https:\/\/www.levia-paris.fr\/?product=strengthening-hair-masque-keratin-500ml"},"modified":"2022-02-07T10:37:01","modified_gmt":"2022-02-07T10:37:01","slug":"strengthening-hair-masque-keratin-500ml","status":"publish","type":"product","link":"https:\/\/www.levia-paris.fr\/?product=strengthening-hair-masque-keratin-500ml","title":{"rendered":"Strengthening Hair Masque Keratin &#8211; 500ml"},"content":{"rendered":"<p>The Levia Strengthening Hair was developed to nourish, thicken and deeply protect dry and damaged hair; enriched with keratin, the hair main protein, this mask provides a protective layer and strengthensthe hair inner fiber,regeneratesand durably smooths it. Enriched with precious vitamins, this mask nourishes the hair and scalp, providing them with lasting protection against breakage, the hair is easier to comb and perfectly smooth. This Keratin mask is appropriate for all types of hair, it can be used for care after all types of straightening.<\/p>\n<p>INGREDIENTS : Aqua (water),cetyl Alcohol, Stearyl Alcohol, Stearamidopropyl Dimethylamine, Glycerin, Isopropyl Myristate, Behentrimonium Chloride, Cetrimonium Chloride, Amodimethicone, Cetyl Stearate, Cetyl Palmitate, Dimethicone, Hydrolyzed Soy Protein, Rice Amino Acids, Hydrolyzed Adansonia Digitata Seed Extract, Proline, Hydrolyzed Keratin, Argania Spinosa Kernel Oil, Fragrance, Quaternium-80, Isopropyl Alcohol, Benzyl Alcohol, Polyquaternium-10, Cetyl Myristate, Trideceth-12, Caprylyl Glycol, Ethylhexylglycerin, Propylene Glycol , Sodium Benzoate, Lactic Acid, Sodium Acetate, Sodium Chloride, Tocopherol.<\/p>\n<p>RECOMMENTATIONS FOR USE : Instructions for use: Apply the mask to damp hair, over the length and the ends. Wait 5 minutes and rinse thoroughly with water. Can be used up to 3 times a week.<\/p>\n<p>VOLUME ml :500ml<\/p>\n<p>BARCODE : 3701120002086<\/p>\n<p>PAO : 24 mois<\/p>\n<p>PRODUCT WEIGHT : 560gr<\/p>\n<p>PRODUCT SIZE WITH PACKAGING :9,5 x 9,5 x 10cm<\/p>\n<p>QTY PER CARTON : 24<\/p>\n","protected":false},"excerpt":{"rendered":"<p>Le masque \u00e0 la K\u00e9ratine Levia est con\u00e7u pour nourrir, \u00e9paissir et prot\u00e9ger en profondeur les cheveux secs et abim\u00e9s ; Enrichi en k\u00e9ratine qui est la prot\u00e9ine principale du cheveu, ce masque apporte une couche protectrice et fortifie la fibre interne des cheveux, la r\u00e9g\u00e9n\u00e8re et la lisse durablement. Enrichi en vitamines pr\u00e9cieuses, ce masque nourrit les cheveux et le cuir chevelu, en leur fournissant une protection durable contre la casse, les cheveux sont plus faciles \u00e0 coiffer et parfaitement lisses. Ce masque \u00e0 la K\u00e9ratine est adapt\u00e9 \u00e0 tous les types de cheveux, peut \u00eatre utilis\u00e9 comme entretien apr\u00e8s tous types de lissage.<\/p>\n","protected":false},"featured_media":865,"comment_status":"open","ping_status":"closed","template":"","meta":[],"product_cat":[128],"product_tag":[],"class_list":{"0":"post-760","1":"product","2":"type-product","3":"status-publish","4":"has-post-thumbnail","6":"product_cat-keratin","8":"first","9":"instock","10":"shipping-taxable","11":"purchasable","12":"product-type-simple"},"_links":{"self":[{"href":"https:\/\/www.levia-paris.fr\/index.php?rest_route=\/wp\/v2\/product\/760","targetHints":{"allow":["GET"]}}],"collection":[{"href":"https:\/\/www.levia-paris.fr\/index.php?rest_route=\/wp\/v2\/product"}],"about":[{"href":"https:\/\/www.levia-paris.fr\/index.php?rest_route=\/wp\/v2\/types\/product"}],"replies":[{"embeddable":true,"href":"https:\/\/www.levia-paris.fr\/index.php?rest_route=%2Fwp%2Fv2%2Fcomments&post=760"}],"version-history":[{"count":0,"href":"https:\/\/www.levia-paris.fr\/index.php?rest_route=\/wp\/v2\/product\/760\/revisions"}],"wp:featuredmedia":[{"embeddable":true,"href":"https:\/\/www.levia-paris.fr\/index.php?rest_route=\/wp\/v2\/media\/865"}],"wp:attachment":[{"href":"https:\/\/www.levia-paris.fr\/index.php?rest_route=%2Fwp%2Fv2%2Fmedia&parent=760"}],"wp:term":[{"taxonomy":"product_cat","embeddable":true,"href":"https:\/\/www.levia-paris.fr\/index.php?rest_route=%2Fwp%2Fv2%2Fproduct_cat&post=760"},{"taxonomy":"product_tag","embeddable":true,"href":"https:\/\/www.levia-paris.fr\/index.php?rest_route=%2Fwp%2Fv2%2Fproduct_tag&post=760"}],"curies":[{"name":"wp","href":"https:\/\/api.w.org\/{rel}","templated":true}]}}