{"id":762,"date":"2022-02-06T16:38:55","date_gmt":"2022-02-06T16:38:55","guid":{"rendered":"https:\/\/www.levia-paris.fr\/?product=strengthening-leave-in-conditioner-keratin-350ml"},"modified":"2022-02-14T11:44:52","modified_gmt":"2022-02-14T11:44:52","slug":"strengthening-leave-in-conditioner-keratin-350ml","status":"publish","type":"product","link":"https:\/\/www.levia-paris.fr\/?product=strengthening-leave-in-conditioner-keratin-350ml","title":{"rendered":"Strengthening Leave-In Conditioner Keratin 350ml"},"content":{"rendered":"<p>The Levia Strengthening Leave-In Conditioner was developed to nourish and hydrate your hair and restore its vitality. Enriched with keratin, the hair essential protein, this revitalizing treatment provides a protective layer that renews and regenerates the hair inner strengthand structure. It contains an essential nutrient complex thatprovidesbetter resistance and flexibility; protects the hair from damage. This no-rinse cream is appropriate for all types of hair, providing intense nourishing care.<\/p>\n<p>INGREDIENTS : Aqua (water), Isopropyl Myristate, Cetearyl Alcohol, Peg 20 Stearate, Polyquaternium 11, Dimethicone, Glycerin, Fragrance, Polyquaternium 7, Sodium Benzoate, Propylene Glycol, Sodium Dehydroacetate, Lanolin, Cocodimonium Chloride, Lactic Acid, Aloe Barbadensis Leaf Extract, Hydrolyzed Keratin, Argania Spinosa Kernel Oil, Phenylpropanol, Benzoic Acid, Dehydroacetic Acid, Isopentyldiol, Sodium Lauroyl Lactylate, Sodium Pca, Sodium Lactate, Fructose, Glycine, Niacinamide, Urea, Inositol.<\/p>\n<p>RECOMMENTATIONS FOR USE : Instructions for use: Pour a generous amount into the palm of your hand, massage gently and style as desired. May be used over damp or dry hair. Do not rinse. VOLUME ml :350ml<\/p>\n<p>&nbsp;<\/p>\n","protected":false},"excerpt":{"rendered":"<p>La cr\u00e8me de soin sans rin\u00e7age revitalisante Levia \u00e0 la K\u00e9ratine est con\u00e7ue pour nourrir et hydrater vos cheveux et restaurer leur vitalit\u00e9. Enrichi en k\u00e9ratine, prot\u00e9ine principale des cheveux, ce soin revitalisant apporte une couche protectrice qui renouvelle et r\u00e9g\u00e9n\u00e8re la force int\u00e9rieure et la structure du cheveu. Il contient un complexe de nutriments essentiels qui assure une meilleure r\u00e9sistance et flexibilit\u00e9 ; prot\u00e8ge les cheveux contre les dommages. Cet cr\u00e8me sans rin\u00e7age est adapt\u00e9e \u00e0 tous les types de cheveux fournissant un soin nutritif intense.<\/p>\n","protected":false},"featured_media":858,"comment_status":"open","ping_status":"closed","template":"","meta":[],"product_cat":[128],"product_tag":[],"class_list":{"0":"post-762","1":"product","2":"type-product","3":"status-publish","4":"has-post-thumbnail","6":"product_cat-keratin","8":"first","9":"instock","10":"shipping-taxable","11":"purchasable","12":"product-type-simple"},"_links":{"self":[{"href":"https:\/\/www.levia-paris.fr\/index.php?rest_route=\/wp\/v2\/product\/762","targetHints":{"allow":["GET"]}}],"collection":[{"href":"https:\/\/www.levia-paris.fr\/index.php?rest_route=\/wp\/v2\/product"}],"about":[{"href":"https:\/\/www.levia-paris.fr\/index.php?rest_route=\/wp\/v2\/types\/product"}],"replies":[{"embeddable":true,"href":"https:\/\/www.levia-paris.fr\/index.php?rest_route=%2Fwp%2Fv2%2Fcomments&post=762"}],"version-history":[{"count":3,"href":"https:\/\/www.levia-paris.fr\/index.php?rest_route=\/wp\/v2\/product\/762\/revisions"}],"predecessor-version":[{"id":1269,"href":"https:\/\/www.levia-paris.fr\/index.php?rest_route=\/wp\/v2\/product\/762\/revisions\/1269"}],"wp:featuredmedia":[{"embeddable":true,"href":"https:\/\/www.levia-paris.fr\/index.php?rest_route=\/wp\/v2\/media\/858"}],"wp:attachment":[{"href":"https:\/\/www.levia-paris.fr\/index.php?rest_route=%2Fwp%2Fv2%2Fmedia&parent=762"}],"wp:term":[{"taxonomy":"product_cat","embeddable":true,"href":"https:\/\/www.levia-paris.fr\/index.php?rest_route=%2Fwp%2Fv2%2Fproduct_cat&post=762"},{"taxonomy":"product_tag","embeddable":true,"href":"https:\/\/www.levia-paris.fr\/index.php?rest_route=%2Fwp%2Fv2%2Fproduct_tag&post=762"}],"curies":[{"name":"wp","href":"https:\/\/api.w.org\/{rel}","templated":true}]}}