{"id":763,"date":"2022-02-06T16:38:55","date_gmt":"2022-02-06T16:38:55","guid":{"rendered":"https:\/\/www.levia-paris.fr\/?product=restructuring-shampoo-collagen-500ml"},"modified":"2022-02-14T11:44:23","modified_gmt":"2022-02-14T11:44:23","slug":"restructuring-shampoo-collagen-500ml","status":"publish","type":"product","link":"https:\/\/www.levia-paris.fr\/?product=restructuring-shampoo-collagen-500ml","title":{"rendered":"Restructuring Shampoo Collagen &#8211; 500ml"},"content":{"rendered":"<p>The Levia Restructuring Shampoo is enriched with precious organic oils of Argan nuts. It is the ideal solution to clean your hair gently and maintain its natural hydration level. It nourishes and repairs the hair in depth. Its unique formulation,infused with collagen, acts on filling the gaps in the hair fiber, helps to regenerate the hair insideand gives it a nice, increased volume. Collagendeeply rebuilds the damaged structureof thin, devitalized and tired hair. It provides nutritious and hydrating proteins. Your hair is visibly healthier and full of volume.<\/p>\n<p>INGREDIENTS : Aqua (water), Sodium C14-16 Olefin Sulfonate, Glycerin, Cocamidopropyl Betaine, Decyl Glucoside, Ricinus Communis (castor) Seed Oil, Hydrolyzed Collagen, Argania Spinosa Kernel Oil, Parfum, Polyquaternium-10, Lactic Acid, Benzyl Alcohol, Peg-150 Distearate, Polyquaternium-7, Caprylyl Glycol, Sodium Hydroxide, Ethylhexylglycerin, Sodium Benzoate, Sodium Acetate, Sodium Chloride, Tocopherol.<\/p>\n<p>RECOMMENTATIONS FOR USE : Instructions for use: Wet your hair thoroughly, massage the scalp gently, lather and rinse well.<\/p>\n","protected":false},"excerpt":{"rendered":"<p>Le shampooing revitalisant Levia au collag\u00e8ne est enrichi avec de pr\u00e9cieuses huiles biologiques de noix d\u2019Argan. C\u2019est la solution id\u00e9ale pour nettoyer vos cheveux en douceur et maintenir leur taux d\u2019hydratation naturel. Il nourrit et r\u00e9pare le cheveu en profondeur. Sa formulation unique, infus\u00e9e au collag\u00e8ne agit sur le remplissage des br\u00e8ches de la fibre capillaire, aide \u00e0 r\u00e9g\u00e9n\u00e9rer l\u2019int\u00e9rieur du cheveu et lui apporte un joli volume amplifi\u00e9. Le collag\u00e8ne reconstruit profond\u00e9ment la structure endommag\u00e9e des cheveux fins, d\u00e9vitalis\u00e9s et fatigu\u00e9s. Il apporte des prot\u00e9ines nutritives et hydratantes. Vos cheveux sont visiblement plus sains et pleins de volume.<\/p>\n","protected":false},"featured_media":855,"comment_status":"open","ping_status":"closed","template":"","meta":[],"product_cat":[129],"product_tag":[],"class_list":{"0":"post-763","1":"product","2":"type-product","3":"status-publish","4":"has-post-thumbnail","6":"product_cat-collagen","8":"first","9":"instock","10":"shipping-taxable","11":"purchasable","12":"product-type-simple"},"_links":{"self":[{"href":"https:\/\/www.levia-paris.fr\/index.php?rest_route=\/wp\/v2\/product\/763","targetHints":{"allow":["GET"]}}],"collection":[{"href":"https:\/\/www.levia-paris.fr\/index.php?rest_route=\/wp\/v2\/product"}],"about":[{"href":"https:\/\/www.levia-paris.fr\/index.php?rest_route=\/wp\/v2\/types\/product"}],"replies":[{"embeddable":true,"href":"https:\/\/www.levia-paris.fr\/index.php?rest_route=%2Fwp%2Fv2%2Fcomments&post=763"}],"version-history":[{"count":3,"href":"https:\/\/www.levia-paris.fr\/index.php?rest_route=\/wp\/v2\/product\/763\/revisions"}],"predecessor-version":[{"id":1267,"href":"https:\/\/www.levia-paris.fr\/index.php?rest_route=\/wp\/v2\/product\/763\/revisions\/1267"}],"wp:featuredmedia":[{"embeddable":true,"href":"https:\/\/www.levia-paris.fr\/index.php?rest_route=\/wp\/v2\/media\/855"}],"wp:attachment":[{"href":"https:\/\/www.levia-paris.fr\/index.php?rest_route=%2Fwp%2Fv2%2Fmedia&parent=763"}],"wp:term":[{"taxonomy":"product_cat","embeddable":true,"href":"https:\/\/www.levia-paris.fr\/index.php?rest_route=%2Fwp%2Fv2%2Fproduct_cat&post=763"},{"taxonomy":"product_tag","embeddable":true,"href":"https:\/\/www.levia-paris.fr\/index.php?rest_route=%2Fwp%2Fv2%2Fproduct_tag&post=763"}],"curies":[{"name":"wp","href":"https:\/\/api.w.org\/{rel}","templated":true}]}}