{"id":764,"date":"2022-02-06T16:38:55","date_gmt":"2022-02-06T16:38:55","guid":{"rendered":"https:\/\/www.levia-paris.fr\/?product=restructuring-hair-masque-collagen-500ml"},"modified":"2022-02-14T11:43:58","modified_gmt":"2022-02-14T11:43:58","slug":"restructuring-hair-masque-collagen-500ml","status":"publish","type":"product","link":"https:\/\/www.levia-paris.fr\/?product=restructuring-hair-masque-collagen-500ml","title":{"rendered":"Restructuring Hair Masque Collagen &#8211; 500ml"},"content":{"rendered":"<p>The Levia Restructuring Hair Masque is enriched with precious organic Argan oil. It is an ideal manner to nourish and hydrate your hair in depth. Argan oil protects the hair against the hardships of daily life that affect hair quality, such as exposure to light, pollution, repeated dying or the frequent use of hair dryers. Its unique formula infused with collagenregeneratesthe hair, restores hydration and nutrients. Collagen provides your hair with complete protection. It regains elasticity and suppleness. Your hair is perfectly hydrated. Collagenseals the hair cuticle,thereby increasing its softness and shine. Your hair regains a healthy and voluminous appearance.<\/p>\n<p>INGREDIENTS : Aqua (water),cetyl Alcohol, Stearyl Alcohol, Stearamidopropyl Dimethylamine, Glycerin, Isopropyl Myristate, Behentrimonium Chloride, Cetrimonium Chloride, Amodimethicone, Cetyl Stearate, Cetyl Palmitate, Dimethicone, Hydrolyzed Soy Protein, Rice Amino Acids, Hydrolyzed Adansonia Digitata Seed Extract, Proline, Hydrolyzed Collagen, Argania Spinosa Kernel Oil, Fragrance, Quaternium-80, Isopropyl Alcohol, Benzyl Alcohol, Polyquaternium-10, Cetyl Myristate, Trideceth-12, Caprylyl Glycol, Ethylhexylglycerin, Propylene Glycol , Sodium Benzoate, Lactic Acid, Sodium Acetate, Sodium Chloride, Tocopherol.<\/p>\n<p>RECOMMENTATIONS FOR USE : Instructions for use: Apply the mask to damp hair, over the length and the ends. Wait 5 minutes and rinse thoroughly with water. Can be used up to 3 times a week.<\/p>\n<p>&nbsp;<\/p>\n","protected":false},"excerpt":{"rendered":"<p>Le masque r\u00e9parateur Levia au collag\u00e8ne est enrichi en huile biologique pr\u00e9cieuse de noix d\u2019Argan. C\u2019est un moyen id\u00e9al pour nourrir et hydrater profond\u00e9ment vos cheveux. L\u2019huile d\u2019Argan prot\u00e8ge les cheveux contre les rigueurs de la vie quotidienne qui affectent leurs qualit\u00e9s telles que l\u2019exposition \u00e0 la lumi\u00e8re, la pollution, les colorations r\u00e9p\u00e9t\u00e9es ou l\u2019utilisation fr\u00e9quente du s\u00e8che-cheveux. Sa formule unique infus\u00e9e au collag\u00e8ne r\u00e9g\u00e9n\u00e8re les cheveux, restaure le niveau d\u2019hydratation et les \u00e9l\u00e9ments nutritifs. Le collag\u00e8ne fournit \u00e0 vos cheveux une protection compl\u00e8te. Ils retrouvent leur \u00e9lasticit\u00e9 et leur souplesse. Vos cheveux sont parfaitement hydrat\u00e9s. Le collag\u00e8ne scelle la cuticule du cheveu augmentant sa douceur et brillance. Vos cheveux retrouvent une apparence saine et volumineuse.<\/p>\n","protected":false},"featured_media":851,"comment_status":"open","ping_status":"closed","template":"","meta":[],"product_cat":[129],"product_tag":[],"class_list":{"0":"post-764","1":"product","2":"type-product","3":"status-publish","4":"has-post-thumbnail","6":"product_cat-collagen","8":"first","9":"instock","10":"shipping-taxable","11":"purchasable","12":"product-type-simple"},"_links":{"self":[{"href":"https:\/\/www.levia-paris.fr\/index.php?rest_route=\/wp\/v2\/product\/764","targetHints":{"allow":["GET"]}}],"collection":[{"href":"https:\/\/www.levia-paris.fr\/index.php?rest_route=\/wp\/v2\/product"}],"about":[{"href":"https:\/\/www.levia-paris.fr\/index.php?rest_route=\/wp\/v2\/types\/product"}],"replies":[{"embeddable":true,"href":"https:\/\/www.levia-paris.fr\/index.php?rest_route=%2Fwp%2Fv2%2Fcomments&post=764"}],"version-history":[{"count":3,"href":"https:\/\/www.levia-paris.fr\/index.php?rest_route=\/wp\/v2\/product\/764\/revisions"}],"predecessor-version":[{"id":1265,"href":"https:\/\/www.levia-paris.fr\/index.php?rest_route=\/wp\/v2\/product\/764\/revisions\/1265"}],"wp:featuredmedia":[{"embeddable":true,"href":"https:\/\/www.levia-paris.fr\/index.php?rest_route=\/wp\/v2\/media\/851"}],"wp:attachment":[{"href":"https:\/\/www.levia-paris.fr\/index.php?rest_route=%2Fwp%2Fv2%2Fmedia&parent=764"}],"wp:term":[{"taxonomy":"product_cat","embeddable":true,"href":"https:\/\/www.levia-paris.fr\/index.php?rest_route=%2Fwp%2Fv2%2Fproduct_cat&post=764"},{"taxonomy":"product_tag","embeddable":true,"href":"https:\/\/www.levia-paris.fr\/index.php?rest_route=%2Fwp%2Fv2%2Fproduct_tag&post=764"}],"curies":[{"name":"wp","href":"https:\/\/api.w.org\/{rel}","templated":true}]}}